rue
Suppose -4*i = -2*w + 482, 940 = -w + 5*w - 2*i. Is w a composite number?
False
Let i(c) be the first derivative of 1/2*c**2 + 5/3*c**3 + 3 - 3*c. Is i(5) a prime number?
True
Suppose -c + 2*c - 41 = 0. Let t = -89 + c. Is t/(-15) - (-2)/(-10) prime?
True
Let i = -27 - -54. Is (i - 1)*5/2 a composite number?
True
Let a be (-9)/(-6)*(-2)/3. Let m(s) = s**2 - 4. Let f be m(-3). Is a + 88 + (3 - f) prime?
False
Is (-1)/(3267/1635 + -2) a composite number?
True
Let m = 3864 + -961. Is m a prime number?
True
Let f(a) = a**3 + 5*a**2 - 7*a - 6. Let k be f(-6). Suppose 11 = z - k. Is z a prime number?
True
Let m = 1470 + 746. Suppose 0 = -5*o - 2*t + 2217, -2*o - m = -7*o - t. Is o a composite number?
False
Let m(i) = 3*i**2 - 3*i - 5. Suppose 5*g = 4*l + 37, 0*l + 4*g - 26 = 2*l. Is m(l) a composite number?
False
Let o(d) = 46*d - 11. Let f be 11 - (-1)/((-1)/3). Let n be o(f). Is 4/6*n/2 a prime number?
False
Let m = -1049 + 2088. Is m a composite number?
False
Let g(a) be the third derivative of a**5/60 - a**4/8 - 5*a**3/6 - a**2. Is g(-5) prime?
False
Is (1541/(-2))/(((-120)/(-16))/(-15)) a prime number?
False
Suppose -31 = -3*n - 5*s, 4*n - 2*n + s - 9 = 0. Suppose -35 = n*b + 5*l - 0*l, -3*l = 9. Let i = -7 - b. Is i prime?
True
Let s(y) = -2*y - 7. Let x be s(-6). Let p(b) = -4 + 4 + x - 1 - b. Is p(-3) a prime number?
True
Let h = -1 - -3. Suppose 0 = -y + 2*o - 6, -o = y + h*y - 3. Suppose y = z + 4 - 59. Is z a prime number?
False
Let s be (6 - -28)/(1 - 0). Let w be -16 - 0 - -1*1. Let d = w + s. Is d composite?
False
Suppose 4*p = 3 + 1. Let n be 8 - 2*(p - 0). Let a(z) = z**3 - 3*z**2 - 8*z - 1. Is a(n) prime?
True
Let x = -1 - 42. Let g(k) = k**3 - 8*k**2 - 12*k + 3. Let r be g(9). Let m = r - x. Is m a composite number?
False
Let x be 4/(0 + 4/6). Let i(c) be the third derivative of -c**6/120 + c**5/10 + c**4/24 + c**3/6 - c**2. Is i(x) prime?
True
Let s be ((-3)/(-4))/((-3)/(-12)). Suppose -2*m = s*m - 325. Is m composite?
True
Suppose 2*o + 2*j + j = 613, -2*o + 3*j = -583. Is o a composite number?
True
Let u be ((-6)/(-15))/((-2)/(-5)). Let t(f) = 58*f. Is t(u) prime?
False
Let u(x) = x**2 + x - 1. Let j be u(-1). Let i be 1*(j - -2)*-11. Let g = i + 25. Is g composite?
True
Let l(i) = -14*i + 1. Let w be l(-1). Suppose 2*c + 3 = -w. Is (-3005)/(-45) + (-2)/c a composite number?
False
Suppose -3*z - 5*c - 44 = 0, 0*z + c = 2*z + 51. Let m = -10 - z. Is m prime?
True
Let v(t) = -3 - t + 0*t**2 - 2 + t**2 - t**3 + 4. Is v(-3) composite?
True
Let i be (27/(-15))/(1/(-5)). Let l be (-6)/i - 8/(-3). Suppose y + 14 = l*y. Is y prime?
False
Suppose -5*d - 4*v + 1623 = -0*d, 3*d - 3*v - 963 = 0. Is d a composite number?
True
Let r = -15 + 21. Suppose 2*i = r*i - 808. Is i a composite number?
True
Let r(l) = 3*l**2 + 3*l - 3*l**3 - 2*l - 2*l**3 + 1 - 3. Is r(-3) a composite number?
False
Let c = -5 - -5. Suppose -l - 2*l + 3 = c. Is (l - (2 + -2))*53 a composite number?
False
Let j(w) = -w. Let f be j(1). Let r = f + 3. Suppose -3*c = 5*v - 191, -v + r*v - 132 = -2*c. Is c a composite number?
False
Let m(d) be the first derivative of 37*d**3 + d**2/2 + d - 4. Is m(-1) a composite number?
True
Let h(l) be the third derivative of 7*l**4/4 + l**3/2 + 2*l**2. Let x be h(3). Let u = x - 76. Is u a composite number?
False
Let q(a) = 354*a - 7. Is q(2) composite?
False
Let l be 2*2*(-3)/6. Is l - -24 - (-2 + 1) a prime number?
True
Let h(j) = -6*j. Let w be h(-7). Suppose -z = 2*z - w. Is z a composite number?
True
Let r(k) = -9*k + 12. Let u be r(8). Suppose -18 = l + 17. Let m = l - u. Is m prime?
False
Suppose 0*y - 4*y - 12 = 0. Suppose 5*n + 11 = 2*j, 4*n = -4*j - 60 + 152. Let q = y + j. Is q prime?
False
Suppose 0 = 4*u - u + 6. Let m be 1/u - (-7)/2. Suppose 7 = m*g - 2. Is g prime?
True
Suppose -345 = -5*n + 465. Suppose 2*b = n + 56. Is b composite?
False
Suppose -3*l + 295 = 4*d, 0 = d + 3*d + 8. Let b(u) = u**2 - 5*u + 4. Let f be b(10). Let a = l - f. Is a a composite number?
False
Let v(j) = -5*j + 8. Let d be v(-8). Let t = -81 + d. Let m = -18 - t. Is m a prime number?
False
Let s(t) = 70*t**2 - 6*t - 1. Is s(3) composite?
True
Let l(k) be the third derivative of k**5/60 + k**4/24 + 23*k**3/6 - k**2. Let h be l(0). Suppose 2*y - h + 3 = -2*n, 44 = 5*y + 3*n. Is y composite?
False
Suppose d - 22 = -5*t + 4, 2*t + 5*d - 15 = 0. Let f = t + -2. Suppose -4*s - 107 = -f*r, -3*r - 3*s + 95 = -s. Is r prime?
False
Suppose 15*b - 3810 - 44535 = 0. Is b a composite number?
True
Suppose -5*k - 1248 = -4*z + 2*z, z = -3*k + 635. Is z prime?
False
Suppose 2*k - 196 = -2*b, -k = -6*k + 3*b + 498. Let i = k + -26. Let s = i + -38. Is s a composite number?
True
Let o = -208 - -693. Is o prime?
False
Let d = -71 - -138. Suppose 5*c + 201 = 3*f + 2*c, f + c = d. Is f composite?
False
Let v(q) = -q + 1. Let z(g) = 17*g. Let l(d) = -5*v(d) - z(d). Is l(-6) prime?
True
Let r = -11 + 4. Let g(n) = n**2 + 4*n - 8. Is g(r) a composite number?
False
Suppose -3*p = 3*m - 1242, 2*p - m + 1659 = 6*p. Is p prime?
False
Let w = 5 - 5. Suppose f + w - 3 = 0. Is 1*(3 - (-49 + f)) prime?
False
Let s be (-8)/(-12)*-3*-2. Suppose c - 4*c = 5*v - 2342, 2*v = s*c + 942. Is v composite?
True
Let a be (-6)/(-21) - (-18)/(-14). Is (-354)/(-9)*3 - a prime?
False
Let o = 6 + -6. Suppose -18 = -2*t - 2*k, o*k - 33 = -5*t - 2*k. Suppose -p = 2*p + t*f - 53, -f = -2*p + 44. Is p prime?
False
Suppose 0 = 5*n - 2*n. Let f = 5 - n. Suppose -f*h + 279 = -u + 19, 3*h + 5*u - 128 = 0. Is h a composite number?
True
Suppose 2*q + 15 = 5*q. Suppose 8*s = q*s - 6. Is ((-3)/s)/((-9)/(-444)) a prime number?
False
Suppose -2*i = -120 + 46. Is i prime?
True
Let s(q) = 13*q - 6. Let g(n) = -12*n + 5. Let r(w) = 7*g(w) + 6*s(w). Suppose -5*a = 10, -16 = 3*b - 4*a - 0*a. Is r(b) composite?
False
Suppose s - 2*f - 41 = 2*f, 175 = 3*s + f. Is s a composite number?
True
Let g be ((-1)/4 - -1)*-8. Let f be g/15 - (-44)/10. Let h(s) = 2*s + 2. Is h(f) prime?
False
Suppose -d + 61 = -p, 0 = 4*d - d + p - 199. Is d a composite number?
True
Let c(q) = 570*q**3 - q**2 + 1. Let z be c(1). Let t = -392 + z. Suppose 5*h - 174 = -3*y, -25 - t = -4*y + 3*h. Is y prime?
True
Let n(l) = l**3 - 5*l**2 + 5*l - 1. Let y be n(4). Let d = y - -111. Is ((-3)/(-6))/(3/d) prime?
True
Let p(k) = -7*k**3 + k**2 + 11*k - 3. Is p(-8) a prime number?
True
Let u(x) = 8*x - 41. Is u(7) a composite number?
True
Let s = 93 + -14. Let w = 0 + s. Is w a composite number?
False
Let q be (1 - 0)*4 + 1. Let o(m) = m**3 - 4*m**2 - 6*m + 5. Let i be o(q). Suppose 18 = 5*n + a - i, 4*n - 24 = -4*a. Is n prime?
True
Let r(n) = -n**2 - 3*n - 2. Let y be r(-3). Is (2/6)/(y/(-138)) a prime number?
True
Let g(t) = -t - 7. Let m be g(-7). Let j be 42 + m - (4 + -1). Let d = j + -17. Is d composite?
True
Suppose 0 = -6*a + 2*a + 20, 4*h - 4*a = 240. Suppose -m + 2 = -h. Is m composite?
False
Let c = 5 - 0. Let d be (7/(-2))/(15/(-690)). Suppose 5*p + 2*g - 168 - 12 = 0, 4*p - d = -c*g. Is p composite?
True
Let m = -27 + 169. Is m a prime number?
False
Let s = -185 + 121. Let q = s - -131. Is q a composite number?
False
Suppose 1095 = g + 2*g. Suppose -4*p = 3*r - 400 - g, 2*r - 511 = -3*p. Is r a prime number?
True
Let k(d) = 4*d**2 + 4*d - 5. Let c be k(-4). Let r = -57 + 137. Let m = r - c. Is m composite?
False
Let a = 18 + 18. Suppose -o - 2 = -i + 21, -i + 21 = o. Let u = a - i. Is u composite?
True
Suppose 1854 = 8*l - 9338. Is l prime?
True
Is ((-134)/6)/((-16)/48) composite?
False
Let v(b) = 5*b**3 - 30*b**2 - 23*b - 1. Let l(y) = 2*y**3 - 10*y**2 - 8*y. Let w(f) = 8*l(f) - 3*v(f). Is w(-9) composite?
True
Let z(v) = 2*v**3 - 3*v**2 - 3*v + 6. Is z(5) prime?
False
Suppose 0 = -f - 4*l + 9, 8 = -f - 2*l + 23. Let a be (271 - -2)*4/(-6). Is a/f*(-6)/4 a prime number?
True
Let k be 2/6 + (-682)/(-6). Is (-14)/35 + k/10 prime?
True
Let p be (-1205)/(-2)*(-8)/10. Let u = -303 - p. Suppose -2*g + 55 = t, 5*g - u = -5*t + 121. Is t prime?
False
Let t be ((-15)/(-6))/(-5)*0. Let a be 115/10*(t - 16). Is ((-6)/(-4))/((-6)/a) a prime number?
False
Let s be 28/13 - 2/13. Suppose 4*k = -3*o + 24, 2*k - 3*o - 2 = -s*o. Is k prime?
True
Suppose -5*b = 5*m - 34335, 4*b + 4*m - 27444 = 6*m. Is b a composite number?
False
Let z = 5 + 0. Le